{"id":1400,"date":"2023-03-16T17:04:00","date_gmt":"2023-03-16T22:04:00","guid":{"rendered":"https:\/\/maxi.vivechia.com\/?post_type=product&#038;p=1400"},"modified":"2024-11-06T09:52:05","modified_gmt":"2024-11-06T14:52:05","slug":"coche-moises-britto-rosa","status":"publish","type":"product","link":"https:\/\/maxibaby.com.co\/index.php\/producto\/coche-moises-britto-rosa\/","title":{"rendered":"Coche Mois\u00e9s Britto Rosa"},"content":{"rendered":"<p>Coche Mois\u00e9s con graduaci\u00f3n en la manija ,<br \/>\n5 accesorios ( portatetero, toldillo , forro pl\u00e1stico , bandeja comedor, cubrepies )<br \/>\nllanta en caucho comprimido ,<br \/>\namortiguaci\u00f3n ,<br \/>\ndescansa pies a escala sistema travel system para ir viendo el beb\u00e9!!<br \/>\n4 colores ! Negro , azul , rosado y beige!<\/p>\n","protected":false},"excerpt":{"rendered":"<ul>\n<li>Coche Mois\u00e9s con graduaci\u00f3n en la manija.<\/li>\n<li>5 accesorios ( portatetero, toldillo , forro pl\u00e1stico , bandeja comedor, cubrepies )<\/li>\n<li>Descansa pi\u00e9s graduables.<\/li>\n<li>Barra de seguridad.<\/li>\n<li>Doble acolchado.<\/li>\n<li>Llantas en caucho comprimido.<\/li>\n<li>4 colores Rosa, Beige, Azul y Negro.<\/li>\n<\/ul>\n","protected":false},"featured_media":2007,"comment_status":"open","ping_status":"closed","template":"","meta":[],"product_brand":[],"product_cat":[38,18],"product_tag":[],"class_list":{"0":"post-1400","1":"product","2":"type-product","3":"status-publish","4":"has-post-thumbnail","6":"product_cat-coches","7":"product_cat-para-pasear","9":"first","10":"instock","11":"shipping-taxable","12":"purchasable","13":"product-type-simple"},"_links":{"self":[{"href":"https:\/\/maxibaby.com.co\/index.php\/wp-json\/wp\/v2\/product\/1400","targetHints":{"allow":["GET"]}}],"collection":[{"href":"https:\/\/maxibaby.com.co\/index.php\/wp-json\/wp\/v2\/product"}],"about":[{"href":"https:\/\/maxibaby.com.co\/index.php\/wp-json\/wp\/v2\/types\/product"}],"replies":[{"embeddable":true,"href":"https:\/\/maxibaby.com.co\/index.php\/wp-json\/wp\/v2\/comments?post=1400"}],"wp:featuredmedia":[{"embeddable":true,"href":"https:\/\/maxibaby.com.co\/index.php\/wp-json\/wp\/v2\/media\/2007"}],"wp:attachment":[{"href":"https:\/\/maxibaby.com.co\/index.php\/wp-json\/wp\/v2\/media?parent=1400"}],"wp:term":[{"taxonomy":"product_brand","embeddable":true,"href":"https:\/\/maxibaby.com.co\/index.php\/wp-json\/wp\/v2\/product_brand?post=1400"},{"taxonomy":"product_cat","embeddable":true,"href":"https:\/\/maxibaby.com.co\/index.php\/wp-json\/wp\/v2\/product_cat?post=1400"},{"taxonomy":"product_tag","embeddable":true,"href":"https:\/\/maxibaby.com.co\/index.php\/wp-json\/wp\/v2\/product_tag?post=1400"}],"curies":[{"name":"wp","href":"https:\/\/api.w.org\/{rel}","templated":true}]}}